 of 83441291?
4
What is the hundred thousands digit of 90683748?
6
What is the hundreds digit of 1030422541?
5
What is the hundreds digit of 50547514?
5
What is the millions digit of 388067685?
8
What is the hundred millions digit of 329155057?
3
What is the hundred thousands digit of 70247049?
2
What is the ten thousands digit of 252901764?
0
What is the hundreds digit of 75469779?
7
What is the units digit of 48905743?
3
What is the hundred thousands digit of 22549232?
5
What is the hundreds digit of 2101940085?
0
What is the units digit of 43689581?
1
What is the tens digit of 166155507?
0
What is the ten millions digit of 5876617141?
7
What is the hundred thousands digit of 216153669?
1
What is the ten thousands digit of 26327767?
2
What is the millions digit of 181813642?
1
What is the hundreds digit of 1229577254?
2
What is the millions digit of 138310278?
8
What is the hundreds digit of 1862565?
5
What is the hundred thousands digit of 353835929?
8
What is the hundred millions digit of 1730283494?
7
What is the ten millions digit of 102449762?
0
What is the tens digit of 3195916374?
7
What is the ten thousands digit of 92658865?
5
What is the ten millions digit of 517695458?
1
What is the hundreds digit of 255723081?
0
What is the ten millions digit of 12342984?
1
What is the hundreds digit of 1478915687?
6
What is the ten millions digit of 90027266?
9
What is the ten millions digit of 4163176955?
6
What is the ten thousands digit of 47051000?
5
What is the tens digit of 219539249?
4
What is the hundreds digit of 456744179?
1
What is the millions digit of 280980366?
0
What is the tens digit of 59831749?
4
What is the millions digit of 502048455?
2
What is the millions digit of 30089712?
0
What is the hundreds digit of 2550388655?
6
What is the tens digit of 5382042763?
6
What is the ten millions digit of 69844232?
6
What is the thousands digit of 131110360?
0
What is the thousands digit of 27923762?
3
What is the millions digit of 18293602?
8
What is the billions digit of 2085918742?
2
What is the units digit of 2075492317?
7
What is the hundreds digit of 39597587?
5
What is the units digit of 426567808?
8
What is the ten thousands digit of 974427941?
2
What is the ten thousands digit of 235752030?
5
What is the hundred thousands digit of 40048011?
0
What is the hundreds digit of 438280102?
1
What is the millions digit of 289303983?
9
What is the millions digit of 119241272?
9
What is the millions digit of 492609129?
2
What is the thousands digit of 556495455?
5
What is the hundreds digit of 289331128?
1
What is the hundreds digit of 2618815095?
0
What is the units digit of 60803926?
6
What is the units digit of 20594723?
3
What is the ten thousands digit of 2837945688?
4
What is the hundreds digit of 1699912708?
7
What is the tens digit of 13222596?
9
What is the units digit of 199082065?
5
What is the ten millions digit of 355930721?
5
What is the units digit of 2922966821?
1
What is the hundred millions digit of 3005427635?
0
What is the hundreds digit of 260817942?
9
What is the ten millions digit of 52815132?
5
What is the hundred thousands digit of 149336687?
3
What is the ten thousands digit of 47885380?
8
What is the hundred thousands digit of 209991440?
9
What is the millions digit of 66855968?
6
What is the millions digit of 200273221?
0
What is the hundred millions digit of 6731233231?
7
What is the ten thousands digit of 67066525?
6
What is the tens digit of 31900975?
7
What is the ten millions digit of 1019801660?
1
What is the billions digit of 4221201860?
4
What is the hundred thousands digit of 311582380?
5
What is the hundreds digit of 160440647?
6
What is the hundreds digit of 157393076?
0
What is the ten thousands digit of 1869193092?
9
What is the ten millions digit of 644955165?
4
What is the hundred thousands digit of 4311586218?
5
What is the thousands digit of 6624325002?
5
What is the thousands digit of 127866873?
6
What is the hundreds digit of 337306071?
0
What is the ten thousands digit of 51446925?
4
What is the hundred thousands digit of 15176526?
1
What is the hundred millions digit of 1738486368?
7
What is the millions digit of 37084009?
7
What is the billions digit of 4522076595?
4
What is the hundred thousands digit of 68936920?
9
What is the hundreds digit of 9962471?
4
What is the hundred millions digit of 359272929?
3
What is the millions digit of 7140212610?
0
What is the millions digit of 2709562505?
9
What is the millions digit of 325889525?
5
What is the hundred thousands digit of 33863427?
8
What is the ten thousands digit of 248205?
4
What is the units digit of 90853175?
5
What is the hundreds digit of 39379181?
1
What is the hundreds digit of 2579713?
7
What is the billions digit of 4010006310?
4
What is the hundreds digit of 7924722753?
7
What is the tens digit of 77092214?
1
What is the ten thousands digit of 22071590?
7
What is the hundred thousands digit of 38753662?
7
What is the millions digit of 305224903?
5
What is the hundred thousands digit of 94268403?
2
What is the ten millions digit of 114123330?
1
What is the ten millions digit of 194518859?
9
What is the hundred thousands digit of 1589330675?
3
What is the hundred thousands digit of 449092537?
0
What is the millions digit of 336346731?
6
What is the millions digit of 44828383?
4
What is the millions digit of 2846459099?
6
What is the millions digit of 9660242?
9
What is the thousands digit of 135500570?
0
What is the hundred millions digit of 1389472261?
3
What is the units digit of 2217395341?
1
What is the millions digit of 61338030?
1
What is the billions digit of 1795031293?
1
What is the hundred thousands digit of 47531601?
5
What is the hundred millions digit of 847125394?
8
What is the millions digit of 8548908?
8
What is the ten millions digit of 2173563570?
7
What is the billions digit of 7517181418?
7
What is the hundred thousands digit of 174470203?
4
What is the hundreds digit of 128725473?
4
What is the hundreds digit of 80457117?
1
What is the tens digit of 301049254?
5
What is the units digit of 91216629?
9
What is the thousands digit of 116532990?
2
What is the billions digit of 1666210947?
1
What is the ten millions digit of 56357102?
5
What is the millions digit of 20659811?
0
What is the tens digit of 85329874?
7
What is the thousands digit of 188157793?
7
What is the millions digit of 3745516310?
5
What is the millions digit of 1366641293?
6
What is the hundred thousands digit of 28806426?
8
What is the ten thousands digit of 2380864256?
6
What is the millions digit of 67838109?
7
What is the hundreds digit of 1498812471?
4
What is the millions digit of 6469990123?
9
What is the thousands digit of 2078430376?
0
What is the hundreds digit of 3225358830?
8
What is the hundred thousands digit of 290700784?
7
What is the millions digit of 1976114549?
6
What is the thousands digit of 435726535?
6
What is the hundreds digit of 166269661?
6
What is the hundred thousands digit of 28830671?
8
What is the hundreds digit of 34120007?
0
What is the millions digit of 2018635203?
8
What is the thousands digit of 4831617527?
7
What is the tens digit of 54300205?
0
What is the units digit of 56299435?
5
What is the tens digit of 38193737?
3
What is the tens digit of 22445338?
3
What is the hundreds digit of 1128906375?
3
What is the hundred millions digit of 212484045?
2
What is the hundred thousands digit of 99685614?
6
What is the tens digit of 1305122117?
1
What is the hundreds digit of 29882368?
3
What is the thousands digit of 9798447?
8
What is the millions digit of 2379145833?
9
What is the units digit of 498097430?
0
What is the units digit of 65491012?
2
What is the units digit of 543211445?
5
What is the millions digit of 262500921?
2
What is the hundreds digit of 86614618?
6
What is the tens digit of 889203847?
4
What is the hundred millions digit of 4707360599?
7
What is the hundred thousands digit of 3888800339?
8
What is the hundred millions digit of 104722847?
1
What is the tens digit of 1549324339?
3
What is the hundred millions digit of 1609891655?
6
What is the millions digit of 2913579939?
3
What is the millions digit of 27617075?
7
What is the hundred thousands digit of 775914209?
9
What is the ten t